Let a = i + 16. Let p be j(a). Let u(t) = t**3 - 5*t**2 + 3*t + 2. Determine u(p).
-2
Let j(m) = -11*m + 12. Let h(v) = 9*v - 12. Let d(g) = 5*h(g) + 4*j(g). What is d(0)?
-12
Let t(i) = -7*i**3 - 9*i**2 - 2*i - 12. Let g(m) = 3*m**3 + 5*m**2 + m + 6. Let z(s) = -5*g(s) - 2*t(s). Determine z(-7).
1
Let v(u) = -3*u - 1. Let o be 2*(-1)/(-2)*4. Let p be (-2)/(-1) + 9/3. Suppose -t = -o*s + p, -t + 5*s = 4*t + 25. Determine v(t).
14
Let x = -268 + 268. Let h(o) = -12 - 7 + 14 + o. What is h(x)?
-5
Let i(q) = q**3 + 4*q**2 - 2. Let g = -856 - -854. Calculate i(g).
6
Let i(w) = -2 - w**3 + w + 0*w + 6*w**2 - 3. Let n be -1*(2 + -1 - 4). Suppose n*p = 6*p - 18. Calculate i(p).
1
Let p(v) be the second derivative of v**5/60 + v**4/24 + v**3/6 - 9*v**2/2 - 4*v. Let j(b) be the first derivative of p(b). What is j(-1)?
1
Let d(c) be the first derivative of -1/2*c**2 + 6 - 3*c. What is d(5)?
-8
Let r = 63 + -61. Let i(h) = -h**3 + 2*h**3 + 0*h**3 - 8 - 7*h**2 + h**r - 5*h. Let x = -7 + 14. Determine i(x).
6
Let c(h) = h**2 - 9*h - 7. Let q be 4232/414 + ((-4)/18)/1. Determine c(q).
3
Suppose -16 = -5*m - 2*b, b - 3 = -m + 2. Suppose m*r = r + 98. Let l(y) = 16*y - 99 - 2*y + r. What is l(-1)?
-15
Suppose -7 = x - 13. Let u(z) = -5 - 3*z + 2*z**2 + 2*z - 3 + x + z**3. Determine u(2).
12
Let n be 95/20 + 2/8. Let p(b) be the second derivative of -b**3/3 + b**2 - 31*b. Calculate p(n).
-8
Let t(y) = -247 + 6*y + 66 + 79 + 51. Calculate t(8).
-3
Let j(g) = -g - 14*g**2 - 1 - g + 15*g**2. Let r(i) = 5*i**2 - 8*i - 5. Let l(t) = -9*j(t) + 2*r(t). What is l(-3)?
2
Let w(v) = -v**2 + 5*v. Let d(r) = 2*r**2 - 10*r. Let z(o) = -4*d(o) - 7*w(o). Let y be z(6). Let q(j) = -j + 1. Calculate q(y).
7
Let m be 2 + -4 - (3 + 1). Let u(l) be the first derivative of 10 + 2*l + 1/2*l**2. Give u(m).
-4
Let v(g) = -g + 7*g + 2*g - 3 - 4*g. Let h be v(2). Let p(i) = 1 + 3*i - i**2 + h - i**3 + 5 - 2*i. Determine p(0).
11
Suppose 4*m + 8 = 0, -2*o + 2*m + 2*m = -2. Let a(r) be the third derivative of -28*r**2 + 0 + 1/3*r**3 + 0*r - 1/8*r**4. Calculate a(o).
11
Let k(o) = 3*o**3 - 3 + 2*o + 4*o**3 - 2*o**2 - 3*o**2 - 6*o**3. Let r be k(5). Let g(v) = -v**2 + 6*v - 6. Determine g(r).
-13
Let l(g) = -g**2 + 2*g + 3. Let m(i) = -13*i - 52. Let c be m(-4). Determine l(c).
3
Let p(o) = -13*o. Suppose -x - 7 = -4*u, -4*u = 3*x - 9*u + 7. Calculate p(x).
-13
Let y(j) = 3*j**2 + 9*j - 4. Let i(o) = -5*o**2 - 9*o + 3. Let n(r) = -2*i(r) - 3*y(r). Calculate n(7).
-8
Let f(n) = -n**3 + n + 14. Let a be 3 - 8 - (1 + -2). Let j be a/(-2 - 2) - 1. Determine f(j).
14
Let x(d) be the second derivative of -d**4/12 + 4*d**3/3 - d**2 - 2*d. Let i(c) = c**2 - 7*c + 19. Let l be i(3). Give x(l).
5
Let u(r) = 8*r - 36. Let p(j) = -6*j**3 + 4*j + 3. Let b be p(-1). Calculate u(b).
4
Let b(z) be the first derivative of -z**4/4 - 5*z**3/3 + z + 26. Suppose 2 = 7*a + 30. Determine b(a).
-15
Let u = -8 - -12. Suppose 0 = u*h - 2 - 14. Let f(s) = 4*s + 29 - h*s - 28 - 3*s. Give f(3).
-8
Suppose -2*t - v + 3*v - 4 = 0, t - 5*v = -2. Let b(w) = -2*w**2 + 1. Give b(t).
-7
Suppose -3*n + 9 = 0, 2*f - 29 = n + 80. Let g be (-5)/15 - f/(-6). Let m(j) = g*j - 2 + j**3 - 3*j**2 + 9*j - 17*j. Give m(3).
1
Let t = 74 - 57. Suppose -27 = -5*f - t. Let d(g) = -1 + 1 + 2 - g - 4*g**2. Give d(f).
-16
Let t(a) be the second derivative of -11*a**3/3 + 3*a**2 + 353*a. What is t(-3)?
72
Let j = 48 - 24. Suppose 3*f - 5*q + 12 = -0*q, 2*f + j = -2*q. Let u(i) = -2*i - 20. Let p be u(f). Let w(v) = -v**2 - 4*v - 2. Determine w(p).
2
Suppose -20 = -10*b + 6*b, 0 = 5*f + b + 20. Let u(m) = -m**3 - 5*m**2 - 3*m - 3. Determine u(f).
12
Suppose -a + 63 = -2*r, -3*a = -7*a - 2*r + 252. Let d = a + -61. Let t(b) be the second derivative of -b**5/20 + b**4/4 - b**3/3 + b**2/2 - b. Give t(d).
1
Suppose t = 5*d - 5, 0 = 6*t - 5*t + 5. Let r(g) be the third derivative of d + 0*g + 1/24*g**4 + 4*g**2 + 2/3*g**3. Determine r(-5).
-1
Let i(m) = m**2 - 121*m + 115*m + 1 + 4. Suppose c - 2*f + 4*f + 4 = 0, 2*c + 3*f + 4 = 0. Calculate i(c).
-3
Suppose -4*l = -0*l. Suppose -2*h - 3*w + 27 - 7 = l, -2*w = 3*h - 20. Suppose -h*n + 37 - 9 = 0. Let f(u) = 2*u - 10. What is f(n)?
4
Let s(c) = -c**3 - 9*c**2 + 5. Suppose 0 = -27*v + 5*v - 198. Give s(v).
5
Let g(s) be the first derivative of -2*s**3/3 + 2*s**2 + 3*s - 19. Let a(d) = -3*d**2 + 9*d + 6. Let i(n) = -3*a(n) + 5*g(n). Give i(-5).
7
Let w = -4131 + 4131. Let i be ((-2)/4)/(2/(-12)). Let f(v) = -4*v**i + 2 + v**2 - 3 + 5*v**3. Calculate f(w).
-1
Let k(m) = -m + 4. Let i be (8 - 7)/(3/36). Suppose -2*t - i = -4*t. Calculate k(t).
-2
Let b(j) = 7*j**2 + 5*j + 11. Let n(c) = 46 + 8*c**2 + 9*c**2 + 15*c - 14 + 3*c**2. Let p(s) = -17*b(s) + 6*n(s). Suppose -o + 5 = 10. What is p(o)?
5
Let z(s) = -s**2 + 38*s + 480. Let i be z(48). Let d(a) = -a**3 + a**2 + a - 17. Give d(i).
-17
Let g(m) = 6*m + m - 7*m + 4 + 2*m + m**2. What is g(-6)?
28
Let r(l) = l**3 + 6*l**2 - 14*l - 50. Let z be r(-7). Let p(y) = 37*y**3 - y**2. Determine p(z).
-38
Let n(q) = q**2 - 14*q - 387. Let g be n(28). Let a(w) be the second derivative of 1/3*w**3 - 1/3*w**4 + 0 - 1/10*w**g + 4*w + w**2. Give a(-3).
14
Let d(i) = -6*i + 17. Let z = 1187 + -1184. Determine d(z).
-1
Suppose 28 = 14*i - 56. Let n(o) = o - 2. Calculate n(i).
4
Suppose 4*k - 11 = g, 0 = -0*k - 2*k + 3*g - 7. Suppose 3*o + t + 8 = 0, -5*t - 2 = -2*o + k. Let m(s) = -s**2 + s + 2. Give m(o).
-4
Let c(r) = -r**2 - 13*r + 6. Let i(y) = -41*y - 135. Let g be i(-3). What is c(g)?
18
Suppose -4*q = -2*z - 52, 0 = 2*z - 0*z - 8. Suppose -4*l = h - 12, -3*l + q = -5*h + 2*l. Let j(b) = b**2 + b - 15. What is j(h)?
-15
Let x(y) = 2*y**2 - 19*y - 14. Let o(c) = 3*c**2 - 2*c + 1. Let a(z) = -o(z) + x(z). Determine a(-12).
45
Let r(p) be the third derivative of -p**6/60 + p**5/60 + 5*p**4/24 - p**3/3 + 40*p**2 + 2. Determine r(2).
-4
Suppose -5*t = 2*h + 2*h - 15, -2*h - 5*t = -15. Let r(p) be the first derivative of p**3/3 - p**2/2 + 4*p + 160. What is r(h)?
4
Suppose -2*b + 3*m = b + 18, -5*b - 27 = -4*m. Let k(v) be the third derivative of 0*v - v**2 + 2/3*v**3 + 1/8*v**4 + 0. Give k(b).
-5
Let v(m) = 4 + 5*m - 6 + 0 + 0. Give v(1).
3
Let p = -8 - -14. Let j(y) be the first derivative of y**3/3 - 5*y**2/2 - 28. Give j(p).
6
Let d(h) be the third derivative of -h**4/24 - h**3 + 6*h**2. Let m be d(-4). Let u(k) be the third derivative of -k**5/30 - k**3/6 - 6*k**2. What is u(m)?
-9
Let v(d) = -2*d**3 + 5*d**2 + 3*d + 1. Let m(y) = 5*y**3 - 12*y**2 - 7*y - 3. Let w(b) = 3*m(b) + 7*v(b). Determine w(3).
16
Let x(i) be the first derivative of i**6/120 + i**4/24 + i**3/6 - 18*i**2 - 23. Let p(y) be the second derivative of x(y). Determine p(-1).
-1
Let l(w) = 3*w + 32 - 39 - 5*w. Determine l(5).
-17
Let x(y) = -y**2 - 5*y - 1. Let h = 86 + -2. Suppose -w + 5*w = h. Suppose r + w = -3*v, -3*v - 4*r = 31 - 1. Calculate x(v).
-7
Let l(c) = 3*c + 0 - 5*c + 4. Let q be 1*43*(-3)/(9 + -6). Let w = q - -48. Determine l(w).
-6
Let u(l) = -l**3 + 3*l**2 + 5*l + 2. Let y = -40 + 91. Let z = y - 47. What is u(z)?
6
Let z = -744 + 750. Let c(b) be the third derivative of 0*b + b**2 + 7/6*b**3 + 0 - 1/12*b**4. Determine c(z).
-5
Let r(y) = -y - 9. Let h(k) = 6*k - 3*k - 84 + 112. Let u(z) = 2*h(z) + 7*r(z). Let c be u(-2). Let v(t) = -t**3 - 5*t**2 + 3*t + 6. Give v(c).
-9
Let i(b) = b**3 + 14*b**2 + 1. Suppose 344*t - 84 = 350*t. Calculate i(t).
1
Suppose 4*x = -67 + 43. Let v(m) = -2*m + 3. Calculate v(x).
15
Let u(s) be the third derivative of 7*s**4/24 + 5*s**3/2 + 54*s**2 + 2. Give u(-3).
-6
Let m(j) = 4*j**3 + 2*j**2 - j + 2. Let x(b) = -9*b**3 - 5*b**2 + 2*b - 5. Let h(f) = 7*m(f) + 3*x(f). What is h(0)?
-1
Let w(l) = 20*l + 22. Let f(x) = -9*x - 11. Let q(p) = -9*f(p) - 4*w(p). Calculate q(-12).
-1
Let u be (-23)/((-2392)/120) - 2/13. Let h(p) = -11*p**2 - 2*p + 2. What is h(u)?
-11
Let b(m) be the third derivative of m**5/15 - 5*m**4/12 + 2*m**3/3 + 6*m**2. Let p(y) = 9*y**2 - 20*y + 9. Let w(s) = 7*b(s) - 3*p(s). Give w(7).
-20
Suppose -142*w + 31*w = -1554. Let o(v) be the first derivative of -w - 5/3*v**3 + 0*v**2 - 1/4*v**4 + v. Give o(-2).
-11
Suppose 0*f = -5*f + 120. Suppose 0*l + f = 2*l. Let x = -8 + l. Let n(h) = -h**2 + 3*h + 4. Determine n(x).
0
Let c(k) 